4 and 18?
6
What is the highest common divisor of 3584 and 672?
224
Calculate the highest common factor of 1650 and 1716.
66
What is the greatest common factor of 136 and 32?
8
Calculate the greatest common factor of 110 and 495.
55
Calculate the greatest common factor of 126 and 2232.
18
What is the greatest common factor of 31 and 589?
31
Calculate the highest common factor of 1335 and 178.
89
What is the highest common divisor of 630 and 28?
14
Calculate the highest common divisor of 64 and 6.
2
Calculate the highest common factor of 1216 and 684.
76
Calculate the highest common divisor of 176 and 2475.
11
Calculate the highest common factor of 12803 and 62.
31
Calculate the highest common divisor of 29 and 899.
29
Calculate the highest common divisor of 26 and 28717.
13
What is the highest common divisor of 146 and 40?
2
Calculate the greatest common factor of 5110 and 35.
35
What is the greatest common factor of 303 and 505?
101
Calculate the greatest common divisor of 1353 and 33.
33
What is the greatest common factor of 2106 and 78?
78
Calculate the greatest common factor of 1 and 3.
1
What is the highest common factor of 3015 and 134?
67
What is the highest common divisor of 28 and 280?
28
Calculate the highest common factor of 1624 and 448.
56
Calculate the greatest common factor of 40 and 5.
5
Calculate the highest common divisor of 385 and 55.
55
What is the greatest common factor of 2571 and 15?
3
Calculate the highest common factor of 2163 and 378.
21
Calculate the highest common divisor of 256 and 8.
8
What is the greatest common factor of 444 and 60?
12
What is the highest common divisor of 583 and 33?
11
What is the highest common divisor of 153 and 45?
9
Calculate the highest common divisor of 17 and 833.
17
Calculate the greatest common factor of 135 and 216.
27
What is the greatest common factor of 6 and 32?
2
Calculate the greatest common divisor of 1 and 2498.
1
Calculate the greatest common divisor of 160 and 10.
10
Calculate the greatest common divisor of 88 and 198.
22
Calculate the highest common factor of 1652 and 36.
4
Calculate the greatest common divisor of 84 and 9.
3
Calculate the greatest common divisor of 20 and 3940.
20
Calculate the highest common divisor of 2065 and 70.
35
Calculate the greatest common factor of 32 and 608.
32
What is the highest common divisor of 841 and 493?
29
Calculate the greatest common divisor of 440 and 1496.
88
What is the highest common divisor of 6 and 7572?
6
What is the greatest common divisor of 290 and 58?
58
Calculate the highest common factor of 528 and 5136.
48
Calculate the highest common factor of 310 and 775.
155
Calculate the greatest common factor of 874 and 736.
46
Calculate the greatest common factor of 29 and 725.
29
Calculate the highest common divisor of 368 and 3335.
23
Calculate the greatest common factor of 56 and 1400.
56
What is the highest common factor of 60 and 508?
4
Calculate the greatest common divisor of 56 and 70.
14
What is the greatest common factor of 323 and 133?
19
Calculate the greatest common divisor of 11916 and 84.
12
Calculate the highest common factor of 8000 and 64.
64
What is the highest common divisor of 38 and 893?
19
What is the greatest common divisor of 2 and 218?
2
Calculate the greatest common factor of 30 and 480.
30
What is the greatest common factor of 3388 and 110?
22
What is the highest common divisor of 531 and 1121?
59
Calculate the highest common factor of 18316 and 76.
76
What is the greatest common factor of 72985 and 55?
55
What is the greatest common factor of 5 and 2505?
5
Calculate the greatest common divisor of 1121 and 118.
59
Calculate the highest common divisor of 20 and 1380.
20
What is the greatest common divisor of 2835 and 140?
35
Calculate the highest common divisor of 4136 and 264.
88
What is the highest common divisor of 561 and 255?
51
What is the greatest common factor of 14893 and 53?
53
What is the greatest common divisor of 85 and 1530?
85
What is the highest common divisor of 37 and 333?
37
Calculate the greatest common factor of 234 and 90.
18
Calculate the highest common divisor of 386 and 2.
2
Calculate the highest common factor of 31 and 7471.
31
Calculate the highest common factor of 240 and 105.
15
What is the highest common divisor of 1 and 8357?
1
What is the greatest common factor of 644 and 896?
28
Calculate the highest common divisor of 2738 and 74.
74
Calculate the highest common factor of 60 and 15795.
15
Calculate the highest common factor of 1870 and 220.
110
Calculate the greatest common factor of 108984 and 456.
456
Calculate the greatest common factor of 3337 and 71.
71
What is the highest common divisor of 50 and 1550?
50
What is the highest common divisor of 23 and 736?
23
Calculate the highest common factor of 1860 and 225.
15
What is the highest common divisor of 945 and 60?
15
What is the highest common divisor of 16 and 1144?
8
Calculate the greatest common divisor of 13 and 212.
1
Calculate the highest common divisor of 92 and 36.
4
Calculate the highest common factor of 137 and 9590.
137
Calculate the highest common factor of 76 and 44.
4
What is the greatest common factor of 11 and 3179?
11
What is the highest common divisor of 160 and 2144?
32
Calculate the highest common factor of 9 and 1107.
9
Calculate the greatest common factor of 26 and 403.
13
What is the greatest common factor of 47 and 5?
1
Calculate the greatest common factor of 33 and 63.
3
Calculate the highest common factor of 944 and 16.
16
Calculate the highest common factor of 44 and 8.
4
What is the highest common factor of 12359 and 85?
17
Calculate the highest common divisor of 326 and 58.
2
What is the greatest common divisor of 240 and 135?
15
What is the greatest common divisor of 780 and 1020?
60
What is the highest common factor of 20215 and 65?
65
Calculate the highest common factor of 84 and 618.
6
What is the highest common factor of 342 and 1178?
38
What is the greatest common factor of 1188 and 44?
44
Calculate the highest common divisor of 368 and 460.
92
Calculate the highest common divisor of 4620 and 132.
132
What is the highest common factor of 4 and 64?
4
Calculate the highest common factor of 527 and 17.
17
What is the greatest common divisor of 1048 and 20?
4
Calculate the greatest common factor of 27 and 189.
27
What is the highest common divisor of 75 and 1150?
25
What is the highest common factor of 1710 and 20?
10
Calculate the greatest common divisor of 1634 and 6.
2
Calculate the greatest common divisor of 270 and 10.
10
What is the greatest common factor of 64 and 4?
4
What is the highest common factor of 12 and 1122?
6
Calculate the highest common factor of 44 and 484.
44
What is the highest common divisor of 342 and 72?
18
Calculate the greatest common factor of 116 and 261.
29
What is the greatest common divisor of 114 and 2774?
38
What is the highest common factor of 30 and 10?
10
Calculate the highest common factor of 730 and 30.
10
What is the greatest common divisor of 7503 and 2013?
183
What is the highest common factor of 231 and 63?
21
What is the greatest common factor of 357 and 255?
51
Calculate the greatest common factor of 9 and 153.
9
What is the greatest common factor of 40598 and 212?
106
What is the highest common divisor of 4 and 196?
4
Calculate the highest common divisor of 500 and 1100.
100
Calculate the greatest common divisor of 783 and 145.
29
Calculate the greatest common divisor of 105 and 795.
15
What is the greatest common divisor of 10043 and 847?
121
What is the greatest common divisor of 408 and 680?
136
What is the greatest common factor of 166 and 18?
2
Calculate the highest common divisor of 71152 and 16.
16
Calculate the highest common factor of 29 and 1044.
29
Calculate the greatest common factor of 24 and 496.
8
What is the highest common divisor of 31 and 5921?
31
Calculate the greatest common divisor of 100 and 2500.
100
What is the highest common factor of 841 and 29?
29
Calculate the greatest common factor of 3243 and 282.
141
What is the greatest common divisor of 96 and 352?
32
Calculate the greatest common factor of 248 and 1612.
124
Calculate the greatest common factor of 3808 and 252.
28
Calculate the highest common divisor of 26